-4). What is the greatest common divisor of 110 and z?
55
Let i be 72/60*15/2. Let d = i - -189. Calculate the highest common factor of d and 22.
22
Let u(w) = -3*w**3 - w**2 + 5*w**3 + w**3 - w**3 - 4. Let g be u(4). Let t be (-3)/(-4 - (-60)/16). What is the highest common divisor of t and g?
12
Let p = 71 - 66. Suppose p*l - 9 = 126. Suppose 4*v = -3*y + 76, -4*v + v + l = y. What is the greatest common factor of y and 216?
24
Let f = 30794 - 30284. Calculate the greatest common divisor of f and 1122.
102
Suppose -5*j - 54 = -144. Suppose c - 2 - j = 0. Let q be ((-6)/(-10) + 1)*5. Calculate the highest common factor of q and c.
4
Let l(i) = i**3 + 16*i**2 + 40*i + 88. Let y be l(-6). Calculate the highest common factor of 624 and y.
208
Let o be (4 - 2)/((-3)/(-36)). Let q = 107 + -105. Let g be q/(-3)*27/(-6). Calculate the greatest common factor of o and g.
3
Let m = 37 + -45. Let u be m/(-18)*(-3)/(-1)*-543. Let w be u/(-10) - (-28)/(-70). Calculate the highest common factor of w and 18.
18
Let w(m) = -m**2 - 4*m + 4. Let o(u) = -2. Let j(t) = 2*o(t) - w(t). Let d be j(-9). What is the highest common divisor of 2 and d?
1
Let n = 136 - 93. Let v = n + -26. Let r = 58 - 41. What is the greatest common divisor of r and v?
17
Let o be -3 + (13 + 64 - 9). Calculate the greatest common factor of o and 104.
13
Let v = -6283 + 7327. Calculate the highest common divisor of v and 108.
36
Suppose 0 = 2*c - o - 209, -c + 33 = -2*o - 70. Let d be 900/8*4/5. Calculate the highest common factor of c and d.
15
Suppose -42*y + 430 = -578. Suppose -r = -2*s - 29 - 9, 3*r + 2*s - 106 = 0. What is the greatest common factor of r and y?
12
Let m(i) = -195*i - 578. Let v be m(-3). Calculate the greatest common factor of v and 11.
1
Suppose -12*b = -4*b - 32. Suppose 0 = -b*h + 12. Let x be (-3 - 2 - h)*(-9 + 1). What is the highest common factor of x and 8?
8
Suppose -h - 4*l = -370, 23 - 47 = 3*l. What is the greatest common divisor of h and 12?
6
Let z(k) = -2*k**3 - 43*k**2 + 69*k + 5. Let m be z(-23). Suppose 2*g - 5*x = 71, -3*g + m*x + 134 = 3*x. What is the greatest common divisor of g and 88?
8
Let r(f) = 3*f**2 - 171*f - 1076. Let g be r(-6). Suppose 793 = 4*h + 5*x - 9, 5*h + x = 1013. Calculate the highest common divisor of g and h.
29
Suppose -5*q - 432 + 447 = 0, 4*s - 3*q = 5183. Calculate the highest common divisor of 528 and s.
22
Let y = -3678 - -3783. Calculate the highest common divisor of y and 7.
7
Let b(v) = -74*v**3 - v**2 + 1. Let d be b(-1). Let m(a) = 18*a + 1. Let s be m(2). Calculate the highest common divisor of s and d.
37
Let a(j) = -j**2 - 18*j + 216. Let h be a(-26). Suppose 23*g - 3906 = -h*g. What is the greatest common divisor of 441 and g?
63
Let w be (-1 + 4)*(-24*15)/(-10). Calculate the highest common divisor of 2640 and w.
12
Suppose -7*t = 292 - 908. Let w = -95 + 103. Calculate the highest common factor of w and t.
8
Let t = 19460 + -11090. Calculate the highest common divisor of t and 62.
62
Let q be -13 + 117/(-13) + 62. What is the greatest common factor of q and 190?
10
Suppose -j + 5*a = -11, -3*j - 2*a = -21 - 46. Suppose 2*r - 1129 = -3*s, -j*s = -16*s + 2*r - 1879. What is the greatest common factor of s and 15?
15
Let s = 23385 - 22428. Calculate the greatest common factor of 275 and s.
11
Let t be (6 - -1)*(-4536)/(-392). What is the highest common factor of 5292 and t?
27
Let n = -2718 - -3327. Calculate the greatest common factor of n and 348.
87
Suppose 0 = -3*n - 2*f + 1, 86*n - 83*n - 5*f = 8. Calculate the highest common factor of n and 738.
1
Let x = 893 + -891. Suppose -3*g - 5*n = 901 - 2612, 0 = -x*g + 2*n + 1146. What is the greatest common divisor of g and 52?
52
Let i(s) = 2*s**3 + 61*s**2 + 113*s + 782. Let r be i(-29). What is the greatest common divisor of r and 2653?
7
Let q(x) = 23*x + 16 + 11*x**2 + 2*x**2 - 2*x**3 - 36*x + x**3. Let a be q(12). Calculate the greatest common divisor of 10 and a.
2
Let n = -7 - -46. Let s = 64 - n. Suppose 0 = 2*h + 2*d - 50, -2*h + 0*d = -3*d - s. Calculate the greatest common factor of h and 25.
5
Let h(y) be the first derivative of y**4/2 + 17*y**3/3 - 6*y**2 + 5*y - 59. Let r be h(-9). Calculate the highest common factor of r and 80.
16
Let j(a) = -122*a**3 - 329*a**2 - 2372*a + 22. Let k be j(-7). Calculate the greatest common divisor of 57 and k.
57
Let m = 56 - 53. Suppose m = v - 3. Let f(q) = q**3 + 6*q**2 - 17*q. Let y be f(v). What is the greatest common factor of 30 and y?
30
Suppose 0 = -q + r + 100, -r = -5*r. What is the highest common divisor of q and 65?
5
Suppose 29 + 9 = -19*v. Let r(w) = -9*w**3 - w**2 + 7*w + 10. Let b be r(v). What is the highest common divisor of 576 and b?
64
Let z = -185 - -220. Suppose 8*u - z = 925. What is the greatest common divisor of u and 48?
24
Let r = 384 + -336. Suppose -16*m - r = -20*m. What is the highest common divisor of 36 and m?
12
Let j = 5 - -60. Suppose -11*d = 127 - 413. Calculate the highest common factor of j and d.
13
Let b = -4 - -13. Suppose -5*d = 4*d - 63. Suppose 14 = d*t - 7. Calculate the greatest common divisor of t and b.
3
Suppose -2*p - 3*p = -3*x - 388, -2*p + 4*x = -144. Let d be 12/(4/(p/3)). Let u = 24171 + -24161. What is the greatest common divisor of d and u?
10
Let r = -1 + 42. Let q be -8 + (2 - -44) - (-3)/1. Calculate the greatest common factor of r and q.
41
Let r = 22 - 18. Suppose -5*b - 3*j + 264 = -7*j, -4*j = -3*b + 160. What is the highest common divisor of r and b?
4
Let a = 537 - 411. Suppose -6*d + a = 3*d. What is the greatest common factor of 70 and d?
14
Let a(u) = -15*u**2 + 509*u + 57. Let f be a(34). Calculate the highest common divisor of 2944 and f.
23
Let i(t) = t**3 + 5*t**2 - 7*t - 3. Let c be i(-5). Let v(x) = -x**3 + 6*x**2 + 60*x + 256. Let r be v(-4). What is the greatest common divisor of c and r?
16
Suppose 37*d - 82*d + 4275 = 50*d. What is the highest common divisor of d and 1455?
15
Let u be (0 + -35)/((-15 - -7) + 7). Let k = -15 + u. What is the highest common divisor of 140 and k?
20
Let y = -2935 + 2959. What is the highest common divisor of 1686 and y?
6
Suppose 29 = 3*q - 37. Suppose 0 = f + 2*n - 17, -2*f - 3*n + 5*n + q = 0. Suppose 24*t = -21*t + 72*t - 702. Calculate the greatest common factor of t and f.
13
Let g(w) be the second derivative of w**5/20 - 4*w**4/3 - w**3 + w**2/2 - 9*w. Let n be g(16). Let v = -50 - n. What is the greatest common factor of 15 and v?
15
Suppose 3*m + 5*x = 11, 4 = 4*m + 4*x - 8. Suppose -g + 697 = m*a, -688 = -0*a - 2*a - 4*g. Calculate the highest common factor of a and 14.
14
Let t be -24*125*((-43)/(-15) + -3). Suppose -b - 100 = -j - 4*b, 0 = 5*j - 5*b - t. Calculate the highest common factor of 34 and j.
17
Suppose -3*i + 10 = v, -3*i - 3*v - 2*v - 10 = 0. Suppose 4*f = -2*u + 88, i*f - 49 = u + 54. What is the greatest common factor of 14 and f?
7
Suppose -3*x + 4411 = -5*k, 22 - 2951 = -2*x + k. What is the greatest common divisor of x and 258?
86
Let g be (-18)/63 + 60930/12*(-12)/(-105). What is the greatest common factor of g and 60?
20
Let u(n) = -n**3 + 15*n**2 + 73*n + 9. Let b be u(-8). Suppose 3*d - b = -5*t, 2*t + 1225 = 4*d - t. What is the greatest common divisor of d and 16?
16
Let f(t) = 29 + 24*t - 24*t - t**2. Let s be f(5). Calculate the greatest common factor of 52 and s.
4
Let t = 38 - 33. Suppose 0 = -18*h + 10*h + 1024. Suppose -t*q = -q - h. Calculate the greatest common divisor of 32 and q.
32
Let v(t) = t**3 - 16*t**2 - 29*t - 84. Let a be v(18). Calculate the highest common factor of 1344 and a.
42
Let i(y) = 34*y - 17. Let p(g) = -g**2 + 5*g + 10. Let z be p(6). Let k be i(z). What is the greatest common factor of k and 102?
17
Let n = -1106 - -2345. Suppose w - n = 3. What is the highest common divisor of w and 54?
54
Let a be (65/50*42)/((-12)/(-120)). What is the greatest common factor of a and 294?
42
Suppose -29*b = -42*b + 468. Suppose 8*y = 3 + 93. Calculate the highest common divisor of b and y.
12
Suppose 269318 = 138*l - 130330. Calculate the highest common factor of 2353 and l.
181
Let b = 1 + 98. Suppose -6 = -3*x, -2*x = 3*p + 2*x - 62. Let z(o) = -2*o**2 + 35*o + 29. Let d be z(p). What is the greatest common factor of b and d?
11
Let y = -8414 + 